.
12
Let i = 69 + -59. What is the greatest common factor of i and 110?
10
Let z be (-4)/1*3/(-6). Let w be 382/8 - z/(-8). What is the greatest common divisor of 12 and w?
12
Let s(h) = -1. Let y(p) = 6*p. Let g(q) = -12*s(q) - 3*y(q). Let x be g(-10). Suppose 2*j = -36 + x. What is the highest common factor of j and 13?
13
Let x be 1/1*(-6 + 18). Let z = -2 + x. What is the greatest common factor of 20 and z?
10
Suppose 5*o - 4*o = -4. Let k = 6 + o. Let j be 26 - (k + -2 - -1). What is the greatest common divisor of j and 5?
5
Let c(h) = h**3 - h**2 - 4*h - 5. Let f be c(4). What is the greatest common divisor of f and 81?
27
Suppose -x + 20 = 4*x, -3*l + 2 = -4*x. Let o(w) = -w**2 + 15*w + 40. Let c be o(17). What is the highest common divisor of l and c?
6
Let c = -14 + 25. Let v(q) = -11*q**2 - 5*q - 6. Let r(w) = -w - 1. Let k(p) = 4*r(p) - v(p). Let n be k(-2). Calculate the highest common factor of c and n.
11
Let b(s) = -4*s + 7. Let d be b(3). Let w(h) = -h**2 - 5*h + 5. Let y be w(d). Calculate the greatest common factor of y and 1.
1
Suppose 0 = -3*q - 6*u + u + 416, -640 = -5*q + 5*u. Let s be (1/(-1) - -2)*12. Calculate the highest common factor of s and q.
12
Let s = -32 - -71. What is the greatest common factor of s and 3?
3
Let y(q) = 4*q - 19*q + 1 + 7*q + 0*q**2 + q**2. Let k be y(9). Calculate the greatest common factor of 110 and k.
10
Let h be (-1321)/(-3) - 12/36. Suppose -h = -4*d - d. Calculate the greatest common factor of d and 22.
22
Let v be 2/(4/10)*2. Let r(y) = 2*y**3 + 3*y - 2. Let b be r(2). What is the highest common divisor of v and b?
10
Let d(g) = 6*g**2 - 4*g + 6. Let i be d(6). What is the highest common divisor of 22 and i?
22
Let a(y) = -y**3 + 6*y**2 + 9*y - 9. Let p be a(6). Suppose 0 = -2*c - 3*c + 5, p = 4*w + c. Calculate the greatest common divisor of w and 44.
11
Let b be -1*(3 - -2*8). Let r = -14 - b. What is the greatest common factor of r and 5?
5
Suppose -5*i - 2*s = -1 - 6, 0 = -5*i + 5*s + 35. Suppose -3*h = 9, 43 - 6 = 4*z - i*h. Calculate the highest common divisor of z and 35.
7
Let p = -27 + 54. What is the highest common divisor of 9 and p?
9
Suppose 3*p + 15 = 8*p. Suppose -5*i - 4*a - 44 = -165, -p*a + 12 = 0. Calculate the highest common factor of 14 and i.
7
Let m be (-4)/(-14) + (-30)/7. Let z = 9 + m. Let f be z/(3*2/24). What is the highest common factor of 100 and f?
20
Let i(j) = -2*j**2 + 9*j + 9. Let n be i(7). Let q = n + 52. Suppose -y - 17 = -2*y + 4*s, -y + 5*s + 18 = 0. What is the greatest common divisor of q and y?
13
Suppose 4*c - 4*j + j = 121, 5*c - 137 = -j. What is the greatest common factor of 70 and c?
14
Let t(s) = s**3 - 5*s**2 + 6. Let g(h) = -2*h - 5. Let x be g(-5). Let n be t(x). What is the greatest common divisor of n and 42?
6
Let k be 1/(51/(-12) - -4). Let u be (-2 - -16)/(k/(-8)). Suppose -5*p = -19 - 1. What is the greatest common factor of p and u?
4
Let o = -76 - -297. Calculate the greatest common factor of o and 26.
13
Suppose 3*c - 3*s - 2*s - 84 = 0, 3*c = 3*s + 84. What is the highest common factor of c and 56?
28
Suppose -3*h - 8 = 2*w, -4*h - w + 1 = 15. Let v = 5 + h. Suppose 0 = 4*c - 5 + 1. Calculate the greatest common divisor of v and c.
1
Suppose 0 = 3*j - 2*j - 1. Let m be (2 - 2)*j/(-2). Suppose m = -2*n - n + 33. What is the greatest common divisor of 11 and n?
11
Suppose -16*c = -10*c - 24. What is the highest common divisor of c and 4?
4
Let w = 13 - 3. Calculate the highest common factor of w and 5.
5
Let y be 1/(3 + (-78)/27). Calculate the greatest common divisor of 6 and y.
3
Suppose 140 - 350 = -10*v. Calculate the highest common factor of v and 84.
21
Let r = 285 + -175. Calculate the greatest common divisor of 44 and r.
22
Let k = 98 - 86. Calculate the highest common divisor of k and 32.
4
Suppose -5*m = 3*a - 44 + 113, 3*a - 81 = 5*m. Let j = m - -21. What is the highest common divisor of 1 and j?
1
Suppose -5*i = 4*h - 184, 3*h = -5*i + 2*h + 181. What is the greatest common divisor of 4 and i?
4
Let c = -39 - -48. What is the highest common divisor of c and 99?
9
Let o be -1*1 - (-5 - 1). Suppose -l - 4*x = -29, -4*l = 2*x - o*x - 78. What is the highest common factor of 189 and l?
21
Let d = 16 + 89. Suppose 5*x - 43 - 62 = 0. Calculate the greatest common divisor of x and d.
21
Let x = -189 - -199. Calculate the highest common factor of 90 and x.
10
Suppose 0*q + 32 = q - 4*k, 0 = q + 4*k - 16. Let w be -18*(-1)/(-2)*(-2)/3. What is the greatest common factor of q and w?
6
Suppose 4 = o, 0 = -a + 4*o + 3 + 21. What is the highest common factor of a and 16?
8
Let r = -6 - -11. Suppose -27 = -2*k - 3*n + 8, 2*k - r*n + 5 = 0. Suppose -5*j + 16 = -134. Calculate the highest common factor of k and j.
10
Let v = 2 + 59. Let i(z) = z**2 - 10*z + 6. Let p be i(12). Let u = v + p. Calculate the highest common factor of u and 13.
13
Let n = 28 + 62. Calculate the highest common factor of n and 18.
18
Let w = 20 - 10. Suppose 3*i - w = d, 5*d + 3*i + 12 = 34. Let c be ((-9)/d)/(6/(-16)). Calculate the highest common divisor of 60 and c.
12
Let r(i) = i**2 + 3*i + 2. Let w be r(-6). Calculate the greatest common factor of 4 and w.
4
Let f = -10 - -42. Suppose 5*n + 3 = -m, 5*m - 3*n - f - 37 = 0. Calculate the highest common factor of 4 and m.
4
Suppose -q = -u + 135 - 26, 3*u - 319 = -5*q. Suppose l + l - u = 0. Calculate the highest common divisor of 18 and l.
18
Let j(d) = 0*d**2 + 3*d**2 - 1 - d + 3*d**2. Let a be j(-4). Suppose -w = 3*x + 6, 4*w - 4*x + 5*x = 31. What is the greatest common divisor of w and a?
9
Suppose 3*h = -h. Suppose h = -4*k + 30 - 10. Suppose 3*d + 167 = k*i, 0 = 5*d - 5. Calculate the greatest common factor of i and 17.
17
Let a(z) = 36*z**2 - z + 1. Let w be a(2). Calculate the greatest common factor of w and 13.
13
Suppose -9 + 3 = -3*h. Suppose w - 10 = -4*w. What is the greatest common factor of h and w?
2
Let d(r) = -r + 13. Let p be d(9). Suppose p = -0*m + 2*m. Let x be ((-100)/m)/(-2) - 1. Calculate the greatest common factor of 60 and x.
12
Let x(r) = -r**3 + 15*r**2 - 2*r + 34. Let p be x(15). Calculate the greatest common divisor of p and 12.
4
Suppose -4*w - 3*u = -205, 0*w = w + 4*u - 48. Let l(j) = -j**3 + 2 + 5 + 6 + 9*j + 8*j**2. Let y be l(9). What is the greatest common factor of w and y?
13
Let j = -123 - -186. Let o = j + 36. What is the greatest common factor of 9 and o?
9
Let r(t) = t**2 - 5*t. Let v be r(6). Suppose -5*i = c - 11, 2*i = -v*c + 3*c + 7. Suppose -i*u + 3 + 5 = 0. Calculate the highest common factor of u and 16.
4
Let d = -12 + 38. Calculate the highest common divisor of 78 and d.
26
Let t(z) = -z**3 + 16*z**2 - 16*z + 20. Let v be t(15). Suppose -540 = 2*f - v*f. What is the highest common divisor of f and 20?
20
Let h(i) be the third derivative of -13*i**6/60 - i**5/15 - i**4/6 - i**3/3 + i**2. Let z be h(-2). Calculate the highest common divisor of 22 and z.
22
Let c be (1/3)/((-7)/105). Let q be (-10)/25 + (-2)/c. Suppose 2*l - 3*u = -q*l + 185, 3*l - 2*u - 290 = 0. Calculate the highest common factor of l and 40.
20
Suppose j = -16 - 26. Let c be 12/j + 172/14. Let l(n) = n**2 - 4*n. Let y be l(6). What is the greatest common divisor of y and c?
12
Suppose -104 = -3*a + 4*p, -3*a = p + p - 74. What is the highest common divisor of a and 224?
28
Let g be 24/16 + (-197)/(-2). What is the highest common divisor of g and 40?
20
Let x be 27/((-54)/(-16) + -3). Calculate the highest common divisor of 8 and x.
8
Let r = -9 + 16. Suppose -3*v = 2*a - r*a - 74, 20 = -5*a. What is the highest common divisor of 54 and v?
18
Suppose r - 10 + 6 = 0. Let b be ((-21)/12)/((-1)/(-4)). Let z = r - b. What is the highest common factor of z and 44?
11
Let u(y) = -28*y + 2. Let g be u(7). Let i = -18 - g. Calculate the greatest common factor of i and 16.
16
Let s be 6/8 + (-27)/(-12). Calculate the highest common divisor of s and 2.
1
Let r(h) = 3*h - 3. Let k(a) = 3*a + 5. Let y be k(-4). Let u be r(y). Let t = 34 + u. What is the greatest common factor of t and 90?
10
Let d(i) = i + 5. Let n be d(3). What is the highest common divisor of 64 and n?
8
Let q(w) = w - 1. Let c(a) = a**3 + 6*a**2 - 7*a - 11. Let g(v) = -c(v) + 2*q(v). Let z be g(-10). What is the highest 